{"id":21,"date":"2025-07-06T10:38:29","date_gmt":"2025-07-06T10:38:29","guid":{"rendered":"http:\/\/marie-et-paul-2026.fr\/?page_id=21"},"modified":"2026-03-07T16:41:36","modified_gmt":"2026-03-07T16:41:36","slug":"liste-de-mariage","status":"publish","type":"page","link":"https:\/\/marie-et-paul-2026.fr\/?page_id=21","title":{"rendered":"Liste de mariage"},"content":{"rendered":"\n<div style=\"height:21px\" aria-hidden=\"true\" class=\"wp-block-spacer\"><\/div>\n\n\n\n<p>Nous avons cr\u00e9\u00e9 une <strong><a href=\"https:\/\/www.millemercismariage.com\/marco-paulo-2026\/liste.html\" data-type=\"link\" data-id=\"https:\/\/www.millemercismariage.com\/marco-paulo-2026\/liste.html\" target=\"_blank\" rel=\"noreferrer noopener\">liste de mariage en ligne<\/a><\/strong>.<br><br>Elle vous permet de participer \u00e0 un cadeau qui nous tient \u00e0 c\u0153ur, ou tout simplement de faire une contribution libre, selon vos envies. Les paiements se font directement et en toute simplicit\u00e9 sur le site de la liste.<br><br>Merci du fond du c\u0153ur pour votre g\u00e9n\u00e9rosit\u00e9 et votre attention, qui nous touchent d\u00e9j\u00e0 \u00e9norm\u00e9ment.<\/p>\n\n\n\n<p><\/p>\n","protected":false},"excerpt":{"rendered":"<p>Nous avons cr\u00e9\u00e9 une liste de mariage en ligne. Elle vous permet de participer \u00e0 un cadeau qui nous tient \u00e0 c\u0153ur, ou tout simplement de faire une contribution libre, selon vos envies. Les paiements se font directement et en toute simplicit\u00e9 sur le site de la liste. Merci du fond du c\u0153ur pour votre [&hellip;]<\/p>\n","protected":false},"author":1,"featured_media":0,"parent":0,"menu_order":0,"comment_status":"closed","ping_status":"closed","template":"","meta":{"footnotes":""},"class_list":["post-21","page","type-page","status-publish","hentry"],"_links":{"self":[{"href":"https:\/\/marie-et-paul-2026.fr\/index.php?rest_route=\/wp\/v2\/pages\/21","targetHints":{"allow":["GET"]}}],"collection":[{"href":"https:\/\/marie-et-paul-2026.fr\/index.php?rest_route=\/wp\/v2\/pages"}],"about":[{"href":"https:\/\/marie-et-paul-2026.fr\/index.php?rest_route=\/wp\/v2\/types\/page"}],"author":[{"embeddable":true,"href":"https:\/\/marie-et-paul-2026.fr\/index.php?rest_route=\/wp\/v2\/users\/1"}],"replies":[{"embeddable":true,"href":"https:\/\/marie-et-paul-2026.fr\/index.php?rest_route=%2Fwp%2Fv2%2Fcomments&post=21"}],"version-history":[{"count":7,"href":"https:\/\/marie-et-paul-2026.fr\/index.php?rest_route=\/wp\/v2\/pages\/21\/revisions"}],"predecessor-version":[{"id":167,"href":"https:\/\/marie-et-paul-2026.fr\/index.php?rest_route=\/wp\/v2\/pages\/21\/revisions\/167"}],"wp:attachment":[{"href":"https:\/\/marie-et-paul-2026.fr\/index.php?rest_route=%2Fwp%2Fv2%2Fmedia&parent=21"}],"curies":[{"name":"wp","href":"https:\/\/api.w.org\/{rel}","templated":true}]}}